{"id":277,"date":"2021-12-19T19:47:02","date_gmt":"2021-12-19T18:47:02","guid":{"rendered":"https:\/\/emaus18.pl\/?page_id=277"},"modified":"2021-12-20T21:07:33","modified_gmt":"2021-12-20T20:07:33","slug":"pracownia-technik-roznych","status":"publish","type":"page","link":"https:\/\/emaus18.pl\/?page_id=277","title":{"rendered":"Pracownia technik r\u00f3\u017cnych"},"content":{"rendered":"<p>[et_pb_section fb_built=&#8221;1&#8243; custom_padding_last_edited=&#8221;on|phone&#8221; _builder_version=&#8221;4.14.4&#8243; _module_preset=&#8221;default&#8221; background_image=&#8221;https:\/\/emaus18.pl\/wp-content\/uploads\/2021\/12\/tlo-technik.jpg&#8221; custom_padding=&#8221;8vh||8vh||true|false&#8221; custom_padding_tablet=&#8221;5vh||5vh||true|false&#8221; custom_padding_phone=&#8221;3vh||3vh||true|false&#8221; hover_enabled=&#8221;0&#8243; global_colors_info=&#8221;{}&#8221; alt=&#8221;T\u0142o &#8211; Pracownia technik r\u00f3\u017cnych&#8221; sticky_enabled=&#8221;0&#8243;][et_pb_row _builder_version=&#8221;4.9.2&#8243; _module_preset=&#8221;default&#8221; global_colors_info=&#8221;{}&#8221;][et_pb_column type=&#8221;4_4&#8243; _builder_version=&#8221;4.9.2&#8243; _module_preset=&#8221;default&#8221; global_colors_info=&#8221;{}&#8221;][et_pb_text _builder_version=&#8221;4.14.4&#8243; _module_preset=&#8221;default&#8221; text_text_color=&#8221;#0063AF&#8221; header_text_align=&#8221;center&#8221; header_font_size=&#8221;45px&#8221; custom_margin=&#8221;0px||0px||true|false&#8221; custom_padding=&#8221;0px||0px||true|false&#8221; header_font_size_tablet=&#8221;45px&#8221; header_font_size_phone=&#8221;40px&#8221; header_font_size_last_edited=&#8221;on|phone&#8221; locked=&#8221;off&#8221; global_colors_info=&#8221;{}&#8221;]<\/p>\n<h1 id=\"\u201da11y-deklaracja\">Pracownia technik r\u00f3\u017cnych<\/h1>\n<p>[\/et_pb_text][\/et_pb_column][\/et_pb_row][\/et_pb_section][et_pb_section fb_built=&#8221;1&#8243; _builder_version=&#8221;4.14.2&#8243; _module_preset=&#8221;default&#8221; custom_padding=&#8221;||||false|false&#8221; global_colors_info=&#8221;{}&#8221;][et_pb_row make_equal=&#8221;on&#8221; _builder_version=&#8221;4.9.2&#8243; _module_preset=&#8221;default&#8221; width_tablet=&#8221;95%&#8221; width_phone=&#8221;95%&#8221; width_last_edited=&#8221;on|desktop&#8221; global_colors_info=&#8221;{}&#8221;][et_pb_column type=&#8221;4_4&#8243; _builder_version=&#8221;4.9.2&#8243; _module_preset=&#8221;default&#8221; global_colors_info=&#8221;{}&#8221;][et_pb_text _builder_version=&#8221;4.14.4&#8243; _module_preset=&#8221;default&#8221; text_font=&#8221;|300|||||||&#8221; text_font_size=&#8221;18px&#8221; global_colors_info=&#8221;{}&#8221;]<\/p>\n<p>Pracownia Technik R\u00f3\u017cnych to miejsce, w kt\u00f3rym uczestnicy WTZ podejmuj\u0105 r\u00f3\u017cne dzia\u0142ania podtrzymuj\u0105ce lub usprawniaj\u0105ce ich prawid\u0142owe funkcjonowanie w \u015brodowisku. Praca podejmowana w pracowni ma za zadanie rozwija\u0107 zainteresowania i uzdolnienia uczestnika. W ramach zaj\u0119\u0107 uczestnicy ucz\u0105 si\u0119 szycia r\u0119cznego jak i maszynowego. Pocz\u0105tkowo s\u0105 to proste czynno\u015bci tj.: nawlekanie ig\u0142y, nauka prostych \u015bcieg\u00f3w r\u0119cznych, tworzenie prostych form (poszewki na poduszki, torby na zakupy, fartuszki itp.)<\/p>\n<p>[\/et_pb_text][\/et_pb_column][\/et_pb_row][et_pb_row column_structure=&#8221;1_2,1_2&#8243; make_equal=&#8221;on&#8221; _builder_version=&#8221;4.14.4&#8243; _module_preset=&#8221;default&#8221; width_tablet=&#8221;95%&#8221; width_phone=&#8221;95%&#8221; width_last_edited=&#8221;on|desktop&#8221; custom_padding=&#8221;20px|20px|20px|20px|true|true&#8221; global_colors_info=&#8221;{}&#8221;][et_pb_column type=&#8221;1_2&#8243; _builder_version=&#8221;4.14.4&#8243; _module_preset=&#8221;default&#8221; background_enable_color=&#8221;off&#8221; custom_padding=&#8221;20px|20px|20px|20px|true|true&#8221; border_width_all=&#8221;1px&#8221; border_color_all=&#8221;#FFB442&#8243; global_colors_info=&#8221;{}&#8221;][et_pb_text _builder_version=&#8221;4.14.4&#8243; _module_preset=&#8221;default&#8221; text_font=&#8221;|300|||||||&#8221; text_font_size=&#8221;18px&#8221; global_colors_info=&#8221;{}&#8221;]<\/p>\n<p><strong>Uczestnicy maj\u0105 tu okazj\u0119 zapozna\u0107 si\u0119 z nast\u0119puj\u0105cymi technikami:<\/strong><\/p>\n<p><strong> <\/strong><\/p>\n<p><strong><\/strong><\/p>\n<ul>\n<li>malowania na szkle (witra\u017c prosty),<\/li>\n<li>haftowania serwetek i bie\u017cnik\u00f3w,<\/li>\n<li>decoupage &#8211; technika zdobienia serwetkami m.in.. styropianowych jaj wielkanocnych, szkatu\u0142ek, pude\u0142eczek,<\/li>\n<li>wikliny papierowej &#8211; nauka zawijania i plecenia papieru,<\/li>\n<li>tworzenia kwiat\u00f3w z bibu\u0142y,<\/li>\n<li>wytwarzania stroik\u00f3w okoliczno\u015bciowych (bo\u017conarodzeniowych, wielkanocnych, zwi\u0105zanych ze \u015bwi\u0119tem zmar\u0142ych),<\/li>\n<li>tworzenia obrazk\u00f3w przy u\u017cyciu ziaren (ry\u017cu, kasz, pszenicy, przypraw),<\/li>\n<li>tworzenia z masy solnej m.in. ozd\u00f3b \u015bwi\u0105tecznych (barank\u00f3w, anio\u0142k\u00f3w),<\/li>\n<li>uprawy i piel\u0119gnacji ro\u015blin doniczkowych -mamy swoj\u0105 ma\u0142\u0105 zielon\u0105 wysp\u0119 na kt\u00f3rej przesadzamy kwiaty, podlewamy, zasilamy, robimy nasadzenia w doniczkach m.in., przed budynkiem, w kt\u00f3rym wynajmujemy pomieszczenia na dzia\u0142alno\u015b\u0107 Warsztatu i dbamy o nie przez ca\u0142y okres wzrostu.<\/li>\n<\/ul>\n<p>[\/et_pb_text][\/et_pb_column][et_pb_column type=&#8221;1_2&#8243; _builder_version=&#8221;4.14.4&#8243; _module_preset=&#8221;default&#8221; background_enable_color=&#8221;off&#8221; custom_padding=&#8221;20px|20px|20px|20px|true|true&#8221; border_width_all=&#8221;1px&#8221; border_color_all=&#8221;#FFB442&#8243; global_colors_info=&#8221;{}&#8221;][et_pb_text _builder_version=&#8221;4.14.4&#8243; _module_preset=&#8221;default&#8221; text_font=&#8221;|300|||||||&#8221; text_font_size=&#8221;18px&#8221; global_colors_info=&#8221;{}&#8221;]<\/p>\n<p><strong>Ponadto uczestniczymy w licznych wydarzeniach kulturalnych<\/strong> m.in. konkursie palm wielkanocnych, w kt\u00f3rym to wydarzeniu bierzemy udzia\u0142 od 25 lat, konkursie organizowanym przez MPO &#8211; przedmioty z recyklingu czyli drugie \u017cycie papieru, plastiku, metalu, festiwalach muzycznych os\u00f3b niepe\u0142nosprawnych organizowanych przez Stowarzyszenie Gausium et Spes w Nowohuckim Centrum Kultury, co roku odwiedzamy wystaw\u0119 szopek krakowskich, a tak\u017ce wystawy plastyczne, muzea, galerie, kina, teatry czy Ogr\u00f3d Botaniczny. Zwiedzamy krakowskie zakamarki z przewodnikiem lub sami poznaj\u0105c histori\u0119 naszego miasta. Jednym z ulubionych punkt\u00f3w, do kt\u00f3rego cz\u0119sto wracamy jest Zamek Kr\u00f3lewski na Wawelu, gdzie odkrywamy legendy zwi\u0105zane z Krakowem.<\/p>\n<p>[\/et_pb_text][et_pb_text _builder_version=&#8221;4.14.4&#8243; _module_preset=&#8221;default&#8221; text_font=&#8221;|300|||||||&#8221; text_font_size=&#8221;18px&#8221; global_colors_info=&#8221;{}&#8221;]<\/p>\n<p>Uczestniczymy w Ambilimpiadach, podczas kt\u00f3rych bierzemy udzia\u0142 w zaj\u0119ciach z r\u00f3\u017cnych form plastycznych i nie tylko organizowanych na tych wyjazdach. Przez ca\u0142y rok czynnie wspomagamy schroniska w opiece nad zwierz\u0119tami szyj\u0105c dla nich legowiska, kupuj\u0105c karmy, miski, obro\u017ce, lekarstwa i \u015brodki opatrunkowe dla zwierz\u0105t. Naszym celem jest ci\u0105g\u0142e usprawnianie funkcjonowania w \u015brodowisku.<\/p>\n<p>[\/et_pb_text][\/et_pb_column][\/et_pb_row][et_pb_row column_structure=&#8221;1_2,1_2&#8243; make_equal=&#8221;on&#8221; _builder_version=&#8221;4.14.4&#8243; _module_preset=&#8221;default&#8221; width_tablet=&#8221;95%&#8221; width_phone=&#8221;95%&#8221; width_last_edited=&#8221;on|desktop&#8221; custom_padding=&#8221;20px|20px|20px|20px|true|true&#8221; global_colors_info=&#8221;{}&#8221;][et_pb_column type=&#8221;1_2&#8243; _builder_version=&#8221;4.14.4&#8243; _module_preset=&#8221;default&#8221; background_color=&#8221;rgba(255,180,66,0.1)&#8221; custom_padding=&#8221;20px|20px|20px|20px|true|true&#8221; border_color_all=&#8221;#FFB442&#8243; global_colors_info=&#8221;{}&#8221;][et_pb_text _builder_version=&#8221;4.14.4&#8243; _module_preset=&#8221;default&#8221; text_font=&#8221;|300|||||||&#8221; text_font_size=&#8221;18px&#8221; global_colors_info=&#8221;{}&#8221;]<\/p>\n<p>Pracujemy nad zwi\u0119kszeniem sprawno\u015bci w zakresie motoryki ma\u0142ej i du\u017cej, a tak\u017ce podniesieniem poziomu swoich mo\u017cliwo\u015bci. Korygujemy czynno\u015bci nieprawid\u0142owe. Uczymy si\u0119 bra\u0107 odpowiedzialno\u015b\u0107 za siebie, mienie oraz powierzone nam zadania.<\/p>\n<p>[\/et_pb_text][\/et_pb_column][et_pb_column type=&#8221;1_2&#8243; _builder_version=&#8221;4.14.4&#8243; _module_preset=&#8221;default&#8221; background_color=&#8221;rgba(255,180,66,0.1)&#8221; custom_padding=&#8221;20px|20px|20px|20px|true|true&#8221; border_color_all=&#8221;#FFB442&#8243; global_colors_info=&#8221;{}&#8221;][et_pb_text _builder_version=&#8221;4.14.4&#8243; _module_preset=&#8221;default&#8221; text_font=&#8221;|300|||||||&#8221; text_font_size=&#8221;18px&#8221; global_colors_info=&#8221;{}&#8221;]<\/p>\n<p>Uczymy si\u0119 patrze\u0107 oczami bardziej potrzebuj\u0105cych, kszta\u0142tujemy empati\u0119 i postawy altruistyczne. Dbamy o nasze \u015brodowisko. Wk\u0142adamy sporo wysi\u0142ku aby panowa\u0142a mi\u0119dzy nami atmosfera przyja\u017ani i \u017cyczliwo\u015bci. Rozwijamy swoje pasje i zainteresowania.<\/p>\n<p>[\/et_pb_text][\/et_pb_column][\/et_pb_row][\/et_pb_section][et_pb_section fb_built=&#8221;1&#8243; _builder_version=&#8221;4.14.4&#8243; _module_preset=&#8221;default&#8221; global_colors_info=&#8221;{}&#8221;][et_pb_row make_equal=&#8221;on&#8221; _builder_version=&#8221;4.14.4&#8243; _module_preset=&#8221;default&#8221; width_tablet=&#8221;95%&#8221; width_phone=&#8221;95%&#8221; width_last_edited=&#8221;on|desktop&#8221; global_colors_info=&#8221;{}&#8221;][et_pb_column type=&#8221;4_4&#8243; _builder_version=&#8221;4.14.4&#8243; _module_preset=&#8221;default&#8221; global_colors_info=&#8221;{}&#8221;][et_pb_gallery gallery_ids=&#8221;282,283,284,285,286,287,288&#8243; posts_number=&#8221;16&#8243; show_title_and_caption=&#8221;off&#8221; zoom_icon_color=&#8221;#000000&#8243; hover_overlay_color=&#8221;rgba(255,255,255,0.5)&#8221; hover_icon=&#8221;&#x54;||divi||400&#8243; _builder_version=&#8221;4.14.4&#8243; _module_preset=&#8221;default&#8221; locked=&#8221;off&#8221; global_colors_info=&#8221;{}&#8221;][\/et_pb_gallery][\/et_pb_column][\/et_pb_row][\/et_pb_section]<\/p>\n","protected":false},"excerpt":{"rendered":"<p>Pracownia technik r\u00f3\u017cnychPracownia Technik R\u00f3\u017cnych to miejsce, w kt\u00f3rym uczestnicy WTZ podejmuj\u0105 r\u00f3\u017cne dzia\u0142ania podtrzymuj\u0105ce lub usprawniaj\u0105ce ich prawid\u0142owe funkcjonowanie w \u015brodowisku. Praca podejmowana w pracowni ma za zadanie rozwija\u0107 zainteresowania i uzdolnienia uczestnika. W ramach zaj\u0119\u0107 uczestnicy ucz\u0105 si\u0119 szycia r\u0119cznego jak i maszynowego. Pocz\u0105tkowo s\u0105 to proste czynno\u015bci tj.: nawlekanie ig\u0142y, nauka prostych [&hellip;]<\/p>\n","protected":false},"author":1,"featured_media":0,"parent":0,"menu_order":0,"comment_status":"closed","ping_status":"closed","template":"","meta":{"_et_pb_use_builder":"on","_et_pb_old_content":"","_et_gb_content_width":"","footnotes":""},"class_list":["post-277","page","type-page","status-publish","hentry"],"_links":{"self":[{"href":"https:\/\/emaus18.pl\/index.php?rest_route=\/wp\/v2\/pages\/277","targetHints":{"allow":["GET"]}}],"collection":[{"href":"https:\/\/emaus18.pl\/index.php?rest_route=\/wp\/v2\/pages"}],"about":[{"href":"https:\/\/emaus18.pl\/index.php?rest_route=\/wp\/v2\/types\/page"}],"author":[{"embeddable":true,"href":"https:\/\/emaus18.pl\/index.php?rest_route=\/wp\/v2\/users\/1"}],"replies":[{"embeddable":true,"href":"https:\/\/emaus18.pl\/index.php?rest_route=%2Fwp%2Fv2%2Fcomments&post=277"}],"version-history":[{"count":0,"href":"https:\/\/emaus18.pl\/index.php?rest_route=\/wp\/v2\/pages\/277\/revisions"}],"wp:attachment":[{"href":"https:\/\/emaus18.pl\/index.php?rest_route=%2Fwp%2Fv2%2Fmedia&parent=277"}],"curies":[{"name":"wp","href":"https:\/\/api.w.org\/{rel}","templated":true}]}}