{"id":216,"date":"2021-12-19T11:14:02","date_gmt":"2021-12-19T10:14:02","guid":{"rendered":"https:\/\/emaus18.pl\/?page_id=216"},"modified":"2021-12-20T20:59:46","modified_gmt":"2021-12-20T19:59:46","slug":"pracownia-terapii-ruchem","status":"publish","type":"page","link":"https:\/\/emaus18.pl\/?page_id=216","title":{"rendered":"Pracownia terapii ruchem"},"content":{"rendered":"<p>[et_pb_section fb_built=&#8221;1&#8243; custom_padding_last_edited=&#8221;on|phone&#8221; _builder_version=&#8221;4.14.4&#8243; _module_preset=&#8221;default&#8221; background_image=&#8221;https:\/\/emaus18.pl\/wp-content\/uploads\/2021\/12\/tlo-pracownia-ruch.jpg&#8221; custom_padding=&#8221;8vh||8vh||true|false&#8221; custom_padding_tablet=&#8221;5vh||5vh||true|false&#8221; custom_padding_phone=&#8221;3vh||3vh||true|false&#8221; hover_enabled=&#8221;0&#8243; global_colors_info=&#8221;{}&#8221; alt=&#8221;T\u0142o &#8211; Pracownia ruchem&#8221; sticky_enabled=&#8221;0&#8243;][et_pb_row _builder_version=&#8221;4.9.2&#8243; _module_preset=&#8221;default&#8221; global_colors_info=&#8221;{}&#8221;][et_pb_column type=&#8221;4_4&#8243; _builder_version=&#8221;4.9.2&#8243; _module_preset=&#8221;default&#8221; global_colors_info=&#8221;{}&#8221;][et_pb_text _builder_version=&#8221;4.14.4&#8243; _module_preset=&#8221;default&#8221; text_text_color=&#8221;#0063AF&#8221; header_text_align=&#8221;center&#8221; header_font_size=&#8221;45px&#8221; custom_margin=&#8221;0px||0px||true|false&#8221; custom_padding=&#8221;0px||0px||true|false&#8221; header_font_size_tablet=&#8221;45px&#8221; header_font_size_phone=&#8221;40px&#8221; header_font_size_last_edited=&#8221;on|phone&#8221; locked=&#8221;off&#8221; global_colors_info=&#8221;{}&#8221;]<\/p>\n<h1 id=\"\u201da11y-deklaracja\"><strong>Pracownia terapii ruchem<br \/><\/strong><\/h1>\n<p>[\/et_pb_text][\/et_pb_column][\/et_pb_row][\/et_pb_section][et_pb_section fb_built=&#8221;1&#8243; _builder_version=&#8221;4.14.2&#8243; _module_preset=&#8221;default&#8221; custom_padding=&#8221;||||false|false&#8221; global_colors_info=&#8221;{}&#8221;][et_pb_row _builder_version=&#8221;4.9.2&#8243; _module_preset=&#8221;default&#8221; global_colors_info=&#8221;{}&#8221;][et_pb_column type=&#8221;4_4&#8243; _builder_version=&#8221;4.9.2&#8243; _module_preset=&#8221;default&#8221; global_colors_info=&#8221;{}&#8221;][et_pb_text _builder_version=&#8221;4.14.4&#8243; _module_preset=&#8221;default&#8221; text_font=&#8221;|300|||||||&#8221; text_font_size=&#8221;18px&#8221; width_tablet=&#8221;95%&#8221; width_phone=&#8221;95%&#8221; width_last_edited=&#8221;on|desktop&#8221; global_colors_info=&#8221;{}&#8221;]<\/p>\n<p>Zajmuje si\u0119 dbaniem o sprawno\u015b\u0107 i kondycj\u0119 fizyczn\u0105. Rozwijamy sprawno\u015b\u0107 fizyczn\u0105 ca\u0142ego cia\u0142a -tzw. DU\u017bA MOTORYKA, jak i sprawno\u015b\u0107 manualn\u0105, czyli MA\u0141A MOTORYKA.<\/p>\n<p>[\/et_pb_text][et_pb_divider divider_weight=&#8221;4px&#8221; _builder_version=&#8221;4.14.2&#8243; _module_preset=&#8221;default&#8221; width=&#8221;100px&#8221; module_alignment=&#8221;center&#8221; custom_margin=&#8221;||10px||false|false&#8221; locked=&#8221;off&#8221; global_colors_info=&#8221;{}&#8221;][\/et_pb_divider][\/et_pb_column][\/et_pb_row][et_pb_row column_structure=&#8221;1_2,1_2&#8243; make_equal=&#8221;on&#8221; _builder_version=&#8221;4.14.4&#8243; _module_preset=&#8221;default&#8221; width_tablet=&#8221;95%&#8221; width_phone=&#8221;95%&#8221; width_last_edited=&#8221;on|desktop&#8221; custom_padding=&#8221;20px|20px|20px|20px|true|true&#8221; global_colors_info=&#8221;{}&#8221;][et_pb_column type=&#8221;1_2&#8243; _builder_version=&#8221;4.14.4&#8243; _module_preset=&#8221;default&#8221; background_color=&#8221;rgba(255,180,66,0.1)&#8221; custom_padding=&#8221;20px|20px|20px|20px|true|true&#8221; global_colors_info=&#8221;{}&#8221;][et_pb_text _builder_version=&#8221;4.14.4&#8243; _module_preset=&#8221;default&#8221; text_font=&#8221;Roboto||||||||&#8221; text_font_size=&#8221;18px&#8221; ul_font=&#8221;||||||||&#8221; ol_font=&#8221;||||||||&#8221; header_font=&#8221;Roboto|500|||||||&#8221; global_colors_info=&#8221;{}&#8221;]<\/p>\n<p>Du\u017c\u0105 motoryk\u0119 kszta\u0142tujemy poprzez zaj\u0119cia og\u00f3lnorozwojowe:<\/p>\n<p>[\/et_pb_text][et_pb_text _builder_version=&#8221;4.14.4&#8243; _module_preset=&#8221;default&#8221; text_font=&#8221;|300|||||||&#8221; text_font_size=&#8221;18px&#8221; global_colors_info=&#8221;{}&#8221;]<\/p>\n<ul>\n<li>na sali do \u0107wicze\u0144 (sprz\u0119t sportowo -rehabilitacyjny: rowery stacjonarne, steppery, orbitrek, twister, pi\u0142ki rehabilitacyjne, maty, podwieszki, \u0107wiczenia do muzyki, elementy jogi, \u0107wiczenia relaksacyjne),<\/li>\n<li>wyj\u015bcia w teren ( Nordic-Walking, spacery do parku, nad Wis\u0142\u0119),<\/li>\n<li>treningi trzech dyscyplin sportowych: p\u0142ywanie, tenis sto\u0142owy, bocce, udzia\u0142 w zawodach sportowych Olimpiad Specjalnych.<\/li>\n<li>grot\u0119 soln\u0105 &#8211; cykliczny udzia\u0142 w seansach w grocie solnej przez ca\u0142y rok &#8211; w celu poprawy zdrowia, zapobieganiu przezi\u0119bieniom oraz przeciwdzia\u0142aniu negatywnym skutkom smogu.<\/li>\n<\/ul>\n<p>[\/et_pb_text][\/et_pb_column][et_pb_column type=&#8221;1_2&#8243; _builder_version=&#8221;4.14.4&#8243; _module_preset=&#8221;default&#8221; background_color=&#8221;rgba(255,180,66,0.1)&#8221; custom_padding=&#8221;20px|20px|20px|20px|true|true&#8221; global_colors_info=&#8221;{}&#8221;][et_pb_text _builder_version=&#8221;4.14.4&#8243; _module_preset=&#8221;default&#8221; text_font=&#8221;Roboto||||||||&#8221; text_font_size=&#8221;18px&#8221; ul_font=&#8221;||||||||&#8221; ol_font=&#8221;||||||||&#8221; header_font=&#8221;Roboto|500|||||||&#8221; global_colors_info=&#8221;{}&#8221;]<\/p>\n<p>Ma\u0142\u0105 Motoryk\u0119 kszta\u0142tujemy poprzez:<\/p>\n<p>[\/et_pb_text][et_pb_text _builder_version=&#8221;4.14.4&#8243; _module_preset=&#8221;default&#8221; text_font=&#8221;|300|||||||&#8221; text_font_size=&#8221;18px&#8221; global_colors_info=&#8221;{}&#8221;]<\/p>\n<ul>\n<li>zaj\u0119cia ceramiczne,<\/li>\n<li>zaj\u0119cia z mas\u0105 soln\u0105,<\/li>\n<li>przygotowywanie i wyrabianie wytwor\u00f3w na kiermasze okoliczno\u015bciowe,<\/li>\n<li>udzia\u0142 w wyj\u015bciach do kina, teatru, filharmonii, muzeum na wystawy, uczestnictwo w wycieczkach, wyjazdach.<\/li>\n<\/ul>\n<p>[\/et_pb_text][\/et_pb_column][\/et_pb_row][\/et_pb_section][et_pb_section fb_built=&#8221;1&#8243; _builder_version=&#8221;4.14.4&#8243; _module_preset=&#8221;default&#8221; global_colors_info=&#8221;{}&#8221;][et_pb_row make_equal=&#8221;on&#8221; _builder_version=&#8221;4.14.4&#8243; _module_preset=&#8221;default&#8221; width_tablet=&#8221;95%&#8221; width_phone=&#8221;95%&#8221; width_last_edited=&#8221;on|desktop&#8221; global_colors_info=&#8221;{}&#8221;][et_pb_column type=&#8221;4_4&#8243; _builder_version=&#8221;4.14.4&#8243; _module_preset=&#8221;default&#8221; global_colors_info=&#8221;{}&#8221;][et_pb_gallery gallery_ids=&#8221;228,229,230,231,232,233,234,235,236&#8243; posts_number=&#8221;16&#8243; show_title_and_caption=&#8221;off&#8221; zoom_icon_color=&#8221;#000000&#8243; hover_overlay_color=&#8221;rgba(255,255,255,0.5)&#8221; hover_icon=&#8221;&#x54;||divi||400&#8243; _builder_version=&#8221;4.14.4&#8243; _module_preset=&#8221;default&#8221; locked=&#8221;off&#8221; global_colors_info=&#8221;{}&#8221;][\/et_pb_gallery][\/et_pb_column][\/et_pb_row][\/et_pb_section]<\/p>\n","protected":false},"excerpt":{"rendered":"<p>Pracownia terapii ruchemZajmuje si\u0119 dbaniem o sprawno\u015b\u0107 i kondycj\u0119 fizyczn\u0105. Rozwijamy sprawno\u015b\u0107 fizyczn\u0105 ca\u0142ego cia\u0142a -tzw. DU\u017bA MOTORYKA, jak i sprawno\u015b\u0107 manualn\u0105, czyli MA\u0141A MOTORYKA.Du\u017c\u0105 motoryk\u0119 kszta\u0142tujemy poprzez zaj\u0119cia og\u00f3lnorozwojowe: na sali do \u0107wicze\u0144 (sprz\u0119t sportowo -rehabilitacyjny: rowery stacjonarne, steppery, orbitrek, twister, pi\u0142ki rehabilitacyjne, maty, podwieszki, \u0107wiczenia do muzyki, elementy jogi, \u0107wiczenia relaksacyjne), wyj\u015bcia w [&hellip;]<\/p>\n","protected":false},"author":1,"featured_media":0,"parent":0,"menu_order":0,"comment_status":"closed","ping_status":"closed","template":"","meta":{"_et_pb_use_builder":"on","_et_pb_old_content":"","_et_gb_content_width":"","footnotes":""},"class_list":["post-216","page","type-page","status-publish","hentry"],"_links":{"self":[{"href":"https:\/\/emaus18.pl\/index.php?rest_route=\/wp\/v2\/pages\/216","targetHints":{"allow":["GET"]}}],"collection":[{"href":"https:\/\/emaus18.pl\/index.php?rest_route=\/wp\/v2\/pages"}],"about":[{"href":"https:\/\/emaus18.pl\/index.php?rest_route=\/wp\/v2\/types\/page"}],"author":[{"embeddable":true,"href":"https:\/\/emaus18.pl\/index.php?rest_route=\/wp\/v2\/users\/1"}],"replies":[{"embeddable":true,"href":"https:\/\/emaus18.pl\/index.php?rest_route=%2Fwp%2Fv2%2Fcomments&post=216"}],"version-history":[{"count":0,"href":"https:\/\/emaus18.pl\/index.php?rest_route=\/wp\/v2\/pages\/216\/revisions"}],"wp:attachment":[{"href":"https:\/\/emaus18.pl\/index.php?rest_route=%2Fwp%2Fv2%2Fmedia&parent=216"}],"curies":[{"name":"wp","href":"https:\/\/api.w.org\/{rel}","templated":true}]}}